 the hundred thousands digit of 170260?
1
What is the ten thousands digit of 4967518?
6
What is the millions digit of 7169730?
7
What is the ten thousands digit of 748627?
4
What is the thousands digit of 1133397?
3
What is the ten thousands digit of 7822118?
2
What is the ten thousands digit of 255402?
5
What is the thousands digit of 39379?
9
What is the ten thousands digit of 673853?
7
What is the millions digit of 10916395?
0
What is the hundreds digit of 740301?
3
What is the ten thousands digit of 905017?
0
What is the thousands digit of 360518?
0
What is the hundred thousands digit of 231111?
2
What is the units digit of 419182?
2
What is the tens digit of 306153?
5
What is the thousands digit of 228238?
8
What is the thousands digit of 215107?
5
What is the ten thousands digit of 3469858?
6
What is the units digit of 1216518?
8
What is the hundreds digit of 782708?
7
What is the tens digit of 824426?
2
What is the hundred thousands digit of 1869439?
8
What is the hundreds digit of 3572306?
3
What is the units digit of 15154412?
2
What is the ten thousands digit of 107523?
0
What is the thousands digit of 3940875?
0
What is the ten thousands digit of 1339597?
3
What is the hundred thousands digit of 6157660?
1
What is the millions digit of 2392164?
2
What is the ten thousands digit of 5849441?
4
What is the thousands digit of 2172684?
2
What is the units digit of 1586614?
4
What is the hundred thousands digit of 316719?
3
What is the hundreds digit of 1213457?
4
What is the millions digit of 16870851?
6
What is the units digit of 25768?
8
What is the hundreds digit of 258756?
7
What is the thousands digit of 525728?
5
What is the thousands digit of 221911?
1
What is the hundreds digit of 868743?
7
What is the units digit of 36969?
9
What is the units digit of 941214?
4
What is the thousands digit of 11809120?
9
What is the thousands digit of 33666?
3
What is the tens digit of 67200?
0
What is the ten thousands digit of 5093898?
9
What is the units digit of 11946082?
2
What is the units digit of 189704?
4
What is the hundreds digit of 1396452?
4
What is the millions digit of 3339485?
3
What is the ten thousands digit of 627770?
2
What is the hundreds digit of 8524856?
8
What is the ten thousands digit of 200198?
0
What is the ten millions digit of 12130579?
1
What is the hundred thousands digit of 27924094?
9
What is the hundreds digit of 110853?
8
What is the units digit of 10414471?
1
What is the ten thousands digit of 360392?
6
What is the hundred thousands digit of 723590?
7
What is the ten thousands digit of 11926444?
2
What is the ten thousands digit of 369337?
6
What is the ten thousands digit of 5384573?
8
What is the ten thousands digit of 40335?
4
What is the tens digit of 14667533?
3
What is the ten thousands digit of 880490?
8
What is the ten thousands digit of 1406297?
0
What is the ten thousands digit of 180774?
8
What is the units digit of 327204?
4
What is the hundred thousands digit of 14212780?
2
What is the ten thousands digit of 168575?
6
What is the tens digit of 681112?
1
What is the thousands digit of 724899?
4
What is the ten thousands digit of 28791?
2
What is the thousands digit of 137981?
7
What is the units digit of 116633?
3
What is the hundred thousands digit of 338633?
3
What is the millions digit of 10342172?
0
What is the millions digit of 8677528?
8
What is the thousands digit of 781293?
1
What is the thousands digit of 661225?
1
What is the hundred thousands digit of 276775?
2
What is the units digit of 1528516?
6
What is the hundred thousands digit of 11288620?
2
What is the hundred thousands digit of 2410942?
4
What is the hundreds digit of 5919322?
3
What is the hundred thousands digit of 646477?
6
What is the ten thousands digit of 998488?
9
What is the hundreds digit of 401077?
0
What is the tens digit of 2062212?
1
What is the units digit of 85640?
0
What is the ten thousands digit of 214317?
1
What is the thousands digit of 66094?
6
What is the millions digit of 20514877?
0
What is the hundred thousands digit of 692714?
6
What is the thousands digit of 1932075?
2
What is the ten thousands digit of 252324?
5
What is the millions digit of 3316827?
3
What is the hundred thousands digit of 351590?
3
What is the units digit of 30575237?
7
What is the hundreds digit of 4381593?
5
What is the tens digit of 52772?
7
What is the ten thousands digit of 1263526?
6
What is the thousands digit of 2092124?
2
What is the tens digit of 1677366?
6
What is the units digit of 3499830?
0
What is the millions digit of 16918655?
6
What is the hundreds digit of 346555?
5
What is the hundred thousands digit of 125650?
1
What is the ten thousands digit of 991465?
9
What is the thousands digit of 238363?
8
What is the hundred thousands digit of 1338318?
3
What is the hundred thousands digit of 189000?
1
What is the units digit of 136647?
7
What is the thousands digit of 1257920?
7
What is the hundreds digit of 7897790?
7
What is the thousands digit of 350664?
0
What is the ten thousands digit of 5614956?
1
What is the thousands digit of 849582?
9
What is the units digit of 3246870?
0
What is the hundreds digit of 75901?
9
What is the millions digit of 1536352?
1
What is the units digit of 63271?
1
What is the hundreds digit of 4705541?
5
What is the ten thousands digit of 416208?
1
What is the ten thousands digit of 205680?
0
What is the units digit of 55782?
2
What is the tens digit of 3841425?
2
What is the units digit of 1870507?
7
What is the tens digit of 1405801?
0
What is the hundreds digit of 90833?
8
What is the millions digit of 1261224?
1
What is the ten thousands digit of 12636?
1
What is the millions digit of 2776954?
2
What is the tens digit of 1403891?
9
What is the tens digit of 18607699?
9
What is the millions digit of 2114052?
2
What is the tens digit of 9968908?
0
What is the hundred thousands digit of 31195200?
1
What is the millions digit of 1638412?
1
What is the ten thousands digit of 528561?
2
What is the ten thousands digit of 245137?
4
What is the hundred thousands digit of 2379223?
3
What is the tens digit of 1115668?
6
What is the ten thousands digit of 283318?
8
What is the tens digit of 3400591?
9
What is the thousands digit of 2667715?
7
What is the ten thousands digit of 427683?
2
What is the hundreds digit of 292358?
3
What is the ten thousands digit of 1263485?
6
What is the ten thousands digit of 298362?
9
What is the thousands digit of 103205?
3
What is the millions digit of 3112234?
3
What is the ten millions digit of 35629436?
3
What is the thousands digit of 9044981?
4
What is the ten thousands digit of 286131?
8
What is the ten thousands digit of 431993?
3
What is the thousands digit of 299457?
9
What is the units digit of 11068751?
1
What is the thousands digit of 575346?
5
What is the units digit of 319406?
6
What is the millions digit of 5916860?
5
What is the thousands digit of 1048176?
8
What is the tens digit of 508842?
4
What is the hundred thousands digit of 5527537?
5
What is the hundreds digit of 145579?
5
What is the hundred thousands digit of 2333252?
3
What is the hundred thousands digit of 205746?
2
What is the hundred thousands digit of 825881?
8
What is the ten thousands digit of 329525?
2
What is the hundred thousands digit of 17439976?
4
What is the units digit of 13102554?
4
What is the hundred thousands digit of 220497?
2
What is the units digit of 3242138?
8
What is the thousands digit of 18593879?
3
What is the ten millions digit of 10139902?
1
What is the millions digit of 1055546?
1
What is the ten millions digit of 21090347?
2
What is the units digit of 1247064?
4
What is the tens digit of 1068424?
2
What is the thousands digit of 6809880?
9
What is the units digit of 12034213?
3
What is the hundred thousands digit of 3497095?
4
What is the thousands digit of 5996097?
6
What is the hundreds digit of 619596?
5
What is the units digit of 1294465?
5
What is the hundred thousands digit of 266206?
2
What is the tens digit of 8427227?
2
What is the units digit of 1905656?
6
What is the hundreds digit of 488168?
1
What is the ten thousands digit of 3345084?
4
What is the hundreds digit of 26816888?
8
What is the hundreds digit of 482519?
5
What is the ten thou